 4*k - 194782. Let g be (-1 - 0/(-2)) + 0. Calculate z(g).
-4
Let t(a) = -a**3 + 4*a + 4. Suppose -b = 5*g + 11 - 1, -g = -b + 2. Give t(g).
4
Suppose -k + 6 = -2*k. Let q = k + 5. Let a be q/(-2)*(-16)/8. Let t(y) = 2*y**3 + y**2 + y + 1. What is t(a)?
-1
Let v(n) = 0*n**3 - 5 + 6*n - n**2 - n**3 + 6*n**2. Let z be v(6). Let o(d) be the second derivative of -d**4/12 - d**3 + 3*d**2/2 - 128487*d. Calculate o(z).
8
Let q(v) = 3*v**2 - 2*v + 7. Let s(i) = 4*i**3 - 46*i**2 + 18*i + 40. Let u be s(11). Give q(u).
63
Let g = -4394 - -4388. Let v(f) be the first derivative of -f**3/3 - 2*f**2 + 13*f + 11. Calculate v(g).
1
Let a(b) = 2*b**2 - 15*b + 1. Let z be a(6). Let o = 37 + z. Let u = o + -20. Let d(f) = -f + 13. What is d(u)?
13
Let h(g) = -4*g**2. Let w(z) = z + 10. Let i(u) = u. Let y(k) = 2*i(k) - w(k). Let j be y(15). Suppose 0 = -j*m - 0*m + 10. Determine h(m).
-16
Suppose h = n - 8, 0 = -2*h - n + 5*n - 18. Let o(r) = -r**2 + 4*r - 2. Let i(d) = -2*d**2 + 3*d - 1. Let t(c) = 2*i(c) - 3*o(c). Give t(h).
-3
Let o(p) = 61*p - 8*p - 17*p - 40*p. Suppose 0 = -3*k + 17 + 1. What is o(k)?
-24
Let c(b) = b**2 - 2*b + 3. Let y = -716 + 716. Suppose y = -2*q + 62 - 56. Determine c(q).
6
Let u(p) = -12*p - 3*p + p**2 + 14*p + 13*p - 5*p - 12. Give u(-11).
32
Let r(m) = 46*m + 719. Let g be r(-16). Let p(y) = y**3 + 13*y**2 - 67*y + 27. Give p(g).
10
Let b(p) be the third derivative of -p**6/120 - 7*p**5/30 - 3*p**4/8 - 39*p**3/2 + 3194*p**2. Calculate b(-14).
9
Let s(t) = -t**2 + 6*t - 3. Let n be s(2). Let d(i) = -2*i**2 + 12*i - 1. Let q(w) = -w**2 + 6*w. Let a(y) = n*q(y) - 3*d(y). Calculate a(4).
-5
Suppose 45 + 111 = -14*b - 110. Let a(c) = -4*c - 42. Determine a(b).
34
Let q = 52 + -46. Let f be 13 - ((q - 5) + -1 + 5). Let n(c) = -c + 9. Calculate n(f).
1
Let y(o) = 91 - o**3 - 136*o - 63 + 134*o - 13*o**2 - 54. Calculate y(-13).
0
Suppose -91*y = -46*y - 33*y - 24. Let r(q) = q**3 - 4*q**2 - 5*q + 7. Calculate r(y).
-11
Let b(p) = p**2 + 4*p + 2. Let r be -13 + 18 + -20 + 9. What is b(r)?
14
Let t = 54 - 62. Let o be t/44 - 256/44. Let x(w) = w**2 + 4*w - 1. Give x(o).
11
Let y(z) = 28*z + 1109. Let q be y(-39). Let u(s) be the third derivative of q*s**2 + 2/3*s**3 - 3/8*s**4 + 0 + 1/60*s**5 + 0*s. Give u(7).
-10
Let w(p) = 2*p + 3. Suppose -9*r - 8 = -11*r. Let y be 6 - r/((-16)/(-44)). Determine w(y).
-7
Let w(i) = -17*i - i**3 + 2*i**2 + 18747 - 15*i**2 - 18753. Give w(-12).
54
Let j(x) = 7*x**3 - 8*x - 11. Let h(d) = d**3 - 2*d**2 - 2*d. Let a(m) = -5*h(m) + j(m). Determine a(-4).
13
Suppose -h = -0 - 6. Let v(f) be the third derivative of -f**5/60 + 7*f**4/24 - 302*f**2. Calculate v(h).
6
Let q(p) be the first derivative of -19*p**2/2 + 292*p + 2054. What is q(15)?
7
Let t(k) be the second derivative of 29*k**3/6 - 56*k**2 - 57*k - 29. Calculate t(3).
-25
Let d(s) = s**2 + 5*s + 4. Let i(b) = 5*b + 176. Let n be i(-35). Suppose -7*l - 5*y - 25 = -2*l, -y - n = -l. What is d(l)?
-2
Suppose -11*v - 4*v = -30. Let z(o) = 145*o**2 - 74*o**v - 72*o**2 - 3*o. Determine z(3).
-18
Let f(p) = 7*p**3 - 114*p**2 + 155*p + 255. Let o(v) = 3*v**3 - 40*v**2 + 78*v + 128. Let n(s) = 2*f(s) - 5*o(s). Determine n(-25).
-5
Let i(p) be the first derivative of 3*p**2/2 + 43*p + 166. Give i(-16).
-5
Let k(g) = -g - 4. Suppose -f = 3, 2*f = -4*x + 54 + 160. Let b be ((-96)/(-10) - -2)*x/22. Let z = b + -32. Determine k(z).
-1
Let f(d) = -3*d**2 + 14*d - 11. Let y(r) = 7*r**3 - 45*r**2 + 20*r - 6. Let q be y(6). Determine f(q).
-35
Let c(f) = 2 - 103843*f + f**3 + 103857*f - 22 + 11*f**2. What is c(-9)?
16
Let s = -324 + 324. Suppose -21 = 5*m + p, s = 2*m + p - 3*p + 18. Let d(c) = -c**2 - 6*c. What is d(m)?
5
Let v be (4 + -5 - 3)*(-78)/(-24). Let l be -13 + (0 - (8 + v)). Let g(h) = h**3 + 8*h**2 - 5*h. Calculate g(l).
40
Suppose 0 = r - i + 328, 3*r + 530 = 5*i - 464. Let m = 1544 - r. Let w(q) = -q**2 - 4 - 1867*q + m*q. What is w(3)?
-13
Let d(c) = -c - 6. Let g(k) = 4*k + 29. Let b(v) = 2*v + 15. Let l(y) = -5*b(y) + 3*g(y). Let p(h) = -13*d(h) - 6*l(h). Calculate p(0).
6
Let m(x) be the third derivative of -x**6/720 + x**5/120 + 61*x**4/24 - 118*x**2. Let t(w) be the second derivative of m(w). What is t(1)?
0
Suppose -4*w - 5*w = -5*w. Let k(u) = 0*u + 0*u + 1 + w*u + 2*u. Let a(r) = r**2 + 5*r - 1. Let z be a(-5). Give k(z).
-1
Let w be ((-43)/(2709/108))/(2/7). Let o(n) be the first derivative of n**3/3 + 7*n**2/2 + 3*n + 48. Give o(w).
-3
Let f(o) = o - 3. Let h be f(12). Suppose 66 = h*l + 3. Let g = -3 + l. Let d(i) = i**3 - 4*i**2. Calculate d(g).
0
Suppose 2*a + 8 + 122 = s, 2*s = a + 257. Suppose -11*z = s - 40. Let p(v) = v**2 + 9*v + 11. Give p(z).
3
Suppose -3*r - 4 = -19. Let h = 87 - 84. Let l(j) = -r*j - 1 + h + j**2 - 2. What is l(6)?
6
Let w = -19 + 13. Let j(l) = 2*l - 7. Let r(q) = 4*q - 16. Suppose -3*s + 4*c + 27 = 0, -4*c + 0*c - 1 = -s. Let v(h) = s*j(h) - 6*r(h). What is v(w)?
-7
Let f(p) = -11*p. Suppose -3 + 21 = 6*v. Suppose v*z = -i + 1, -10 = -z + 4*i + 12. What is f(z)?
-22
Let q be 3 - -4*3*(-11 + (-473)/(-44)). Let p(d) = -d**3 - 2*d**2 + 6*d - 4. Calculate p(q).
-4
Let z(x) = -x + 1. Let l(o) = 2*o**2 - 2*o - 3. Let a(n) = l(n) - 3*z(n). Let t be a(3). Let v(q) = -13 - 5*q + t - 4. Determine v(-2).
8
Let k(h) = 61*h**2 + 4 + 38*h**2 - 9*h**3 + 8*h**3 - 101*h**2. What is k(3)?
-41
Suppose 0 = 2*m + 2, -4 + 1 = -v + 4*m. Let r be (-23 + 5 + v)*(0 + -1). Suppose -23*u - 16 = -r*u. Let l(z) = -z**3 - 4*z**2 - z - 3. What is l(u)?
1
Let l(b) be the second derivative of b**5/40 - b**4/3 + 13*b**3/6 + b**2 - 11*b + 3. Let k(u) be the second derivative of l(u). Calculate k(3).
1
Let a = 21 + -13. Let b(f) = 13*f**2 - 15*f - 6. Let l(q) = 10*q**2 - 14*q - 3. Let d(j) = 3*b(j) - 4*l(j). Determine d(a).
18
Let s(i) = -6*i**3 + 2*i**2 + 9*i - 10. Let u be s(1). Let t(v) = v**3 + 8*v**2 + 16*v + 11. Determine t(u).
6
Let w(m) = 36*m**3 - 159*m**2 + 106*m + 274. Let c(i) = -13*i**3 + 54*i**2 - 35*i - 92. Let x(n) = -11*c(n) - 4*w(n). Determine x(41).
-2
Let m(i) = -i - 13. Let f(h) = -1. Let q(x) = 6*f(x) - m(x). Let d = 278 + -180. Suppose 25*k - 11*k + d = 0. Give q(k).
0
Suppose 0 = -4*d + c + 18, -2*d - d + 2 = 5*c. Let j(p) = 2003*p - 1007*p - 997*p + 2. Determine j(d).
-2
Let w(p) = -3*p**2 - 9*p. Let k(i) = 2*i**2 + 12*i + 18. Let t(j) = 4*k(j) + 3*w(j). What is t(23)?
26
Let p(v) be the second derivative of -3*v**5/10 + v**4/6 + v**3/6 - 6*v. Let h be p(-1). Let m(w) = 0*w**2 + 10 - 3 - 6*w + w**2 - 7*w + 6*w. Calculate m(h).
7
Let z(b) be the first derivative of b**4/4 + b**3/3 + 3*b**2/2 + b + 2. Suppose -3*y = -5*q - 35, 325*y - 20 = 323*y. Give z(q).
-2
Let x(h) = -h**3 - 5*h**2 + 6*h + 2. Let v be x(-6). Let w(b) = 5*b + 4. Let o(j) = -j + 60 + 2*j - 59. Let g(i) = v*w(i) - 9*o(i). Calculate g(5).
4
Let r(c) = 2*c**3 - 20*c**2 - 4*c + 17. Let l = 420 - 410. Determine r(l).
-23
Let x(k) = -10*k**2 - 48*k + 12. Let u be x(-5). Let j(l) be the first derivative of -10 - 1/2*l**u - 2*l. Calculate j(5).
-7
Let d(w) = -10*w**2 + 17*w - 13. Let j(f) = -f**2 + f - 2. Let h(p) = -d(p) + 9*j(p). What is h(4)?
-21
Let n(k) = 2*k**2 - 6*k + 4. Suppose 0*y = -y - f + 3, -y + 21 = -5*f. Suppose 4*b + 22 - y = 0, -22 = -2*u + 3*b. Calculate n(u).
24
Let q be (-681)/2043 + (-24)/(-54)*(-24 - 0). Let k(x) = -x**2 + 2*x**2 + x + 12*x + 11. Give k(q).
-11
Let h(z) = 4*z**3 - 8*z**2 - z - 1. Let v(d) = 25*d**3 - 50*d**2 - 8*d - 5. Let a(q) = -6*h(q) + v(q). Let t(n) = n. Let b be t(2). Determine a(b).
-3
Let n(t) = t**2 - 7*t - 2. Suppose 5*k - 3*i = 8*k - 567, -5*k - 2*i = -948. Let v = k - 186. Determine n(v).
-14
Let y(a) = -a**2 - 4*a - 4. Suppose 5*r = -20 + 90. Suppose -k + 82 = -4*q, 0 = 5*q - 3*k - k + 97. Let b = r + q. Give y(b).
-25
Let t(c) = 35*c - 1. Let q be (-264)/60*(-15)/(-36) + (-10)/(-12). What is t(q)?
-36
Let t(y) = 2*y + 79. Let r = 912 + -933. What is t(r)?
37
Let j = 6 + -5. Let a(h) be the second derivative of 0 + 0*h**2 + 27*h - 1/6*h**3. Calculate a(j).
-1
Let j = -2 - -4. Let y(r) = 9*r - 2. Let f(d) = 4*d - 1. Let t(n) = -7*f(n) + 3*y(n). Let h(q) = 2*q**2 + 4*q - 3. Let c(v) = -h(v) - 3*t(v). Calculate c(j).
-10
Suppose 4*p - 22 = -2. Suppose 0 = -p*w + 8*w - 18. Let v(c) = -c**3 + 5*c**2 + 5*c + 5. What